e greatest common factor of h and 15?
15
Suppose -t - 2*w - 40 = -2*t, -2*t = 3*w - 52. Calculate the highest common factor of 8 and t.
8
Let h(w) = w**2 - 2*w - 1. Let k be h(-2). Suppose -a = -0*a - k. Let y(g) = -g**2 + 7*g + 1. Let o be y(7). What is the greatest common factor of a and o?
1
Let x = -16 + 27. Suppose -y = -4*n + 5, y + y - 10 = 3*n. Calculate the greatest common divisor of y and x.
11
Let k = 18 + 12. Calculate the greatest common divisor of 45 and k.
15
Let u = -1 - -2. Let b be (-4)/(u + 6/(-3)). Suppose -b*r + 16 = -0. What is the greatest common factor of r and 1?
1
Suppose -4*x + 2*x + 24 = 0. Suppose 0 = 3*g - 5*g - 6, 3*y - 24 = 5*g. Let r be -12*(-3 - (-7)/y). Calculate the highest common factor of x and r.
4
Let b = 16 - 9. Let o be 6/(-21) + (-397)/b. Let m = o + 121. What is the highest common divisor of m and 16?
16
Let v(f) = f**3 - 5*f**2 + f + 5. Let d be v(5). What is the highest common factor of 4 and d?
2
Suppose 9*d = 8*d + 10. What is the highest common divisor of d and 130?
10
Let z = -83 + 182. What is the highest common factor of 11 and z?
11
Let t(v) = 52*v. Let l be t(-2). Let c be l/(-10) + (-4)/10. Calculate the greatest common divisor of 1 and c.
1
Suppose -z - 836 = -5*z. Let s(q) = -q**2 + 10*q + 3. Let d = -16 + 24. Let k be s(d). What is the highest common factor of z and k?
19
Suppose 0 = -2*f + 217 - 47. Suppose -3*g + 17 = -2*g. Calculate the highest common factor of f and g.
17
Let g be 8/4*(-10)/(-4). Suppose -g*k + 2 = -83. Suppose 3*c + 7*z - 37 = 2*z, k = 3*c + z. What is the greatest common factor of c and 16?
4
Let i be (-48)/(-22) + 18/(-99). Let j be 0 - (i + -1 - 3). Calculate the greatest common divisor of 5 and j.
1
Let a(n) = -n**3 - 7*n**2 + 4*n + 6. Let w be a(-8). Let h be w/8 - 2/(-8). What is the highest common divisor of h and 2?
1
Let z(o) = -17*o + 5. Let u be z(-3). What is the highest common divisor of 7 and u?
7
Let b(i) = -6*i - 17. Let m be b(-5). Calculate the greatest common divisor of m and 13.
13
Let a = -61 - -221. Suppose c + 3*c = a. What is the highest common factor of 10 and c?
10
Let a = 17 - 2. Calculate the greatest common divisor of a and 30.
15
Let v = 1 + 1. Let a be (1/1)/(-2 + 3). Calculate the greatest common factor of a and v.
1
Suppose 0 = -i - 1 + 3. Let n(u) = u**3 - 2 + 0 + u**3 + 2*u**i. Let d be n(2). What is the greatest common divisor of 11 and d?
11
Suppose -453 - 102 = -3*q. Calculate the highest common divisor of 37 and q.
37
Let l(x) = x**2 + 12*x - 9. Let d be l(-13). Calculate the highest common factor of 16 and d.
4
Let p = -7 - -28. Calculate the greatest common divisor of 3 and p.
3
Let k be -14*(-7)/((-98)/(-4)). Suppose -46 = -k*q + 2*z, 0 = 2*q + 4*z + 4 - 12. Calculate the greatest common divisor of 70 and q.
10
Let c(j) be the third derivative of j**5/60 + j**4/24 + 40*j**3/3 + 4*j**2. Let v be c(0). Let o = -12 - -44. Calculate the greatest common divisor of o and v.
16
Let k = 12 + -7. Suppose -k*u - 1 = -11. Suppose -5*z - o + 7 = 0, 2*z - 2*o = 3*o + 19. What is the highest common factor of u and z?
2
Suppose -7*p + 2*p + 420 = 0. What is the highest common factor of 12 and p?
12
Let m(z) = z + 34. Let x be m(-16). Calculate the highest common divisor of x and 126.
18
Suppose 128 = a - 2*n + 4*n, -127 = -a - n. Suppose 0 = -3*x + x + a. What is the greatest common divisor of x and 9?
9
Let z(v) = -2*v**2 + 4*v + 1. Let t be z(-4). Let h = -7 - t. What is the highest common divisor of h and 100?
20
Suppose 0 = -2*j + 5*i + 21, 4*j - 2*i - 7 = 27. What is the highest common divisor of j and 2?
2
Let p be 37 + -1*(-2 - -3). Suppose d + 0*d = 0. Suppose 8*r - 3*r - 15 = 0, d = 2*z - 4*r - 36. Calculate the greatest common divisor of p and z.
12
Let m be 8/(-3 + 1) - -59. What is the greatest common divisor of m and 11?
11
Let p = -7 - -7. Let d be (-2)/(-7) + (-26)/(-7). Suppose -d*f + 9*f - 280 = p. Calculate the greatest common factor of f and 8.
8
Suppose 2*z = 15 + 41. What is the highest common factor of 70 and z?
14
Suppose 0 = -4*c + 26 + 10. Suppose -4*o - 5*d = -314, 4*o - 5*d - 306 - 28 = 0. What is the greatest common divisor of o and c?
9
Suppose -5*p + 2*d + 23 = 0, -4*p + 3*d + 36 - 12 = 0. What is the greatest common factor of 9 and p?
3
Let v(b) = -b**2 - 6*b + 1. Let m be (1/2)/((-6)/60). Let r be v(m). Calculate the greatest common factor of r and 66.
6
Suppose -z + 4*z - 510 = 0. Suppose -2*h - 62 = -z. Suppose 16*u - 12 = 14*u. What is the greatest common factor of u and h?
6
Suppose 0 = -2*y - 11 + 35. Let c be 130 - (1 - 9/3). Calculate the highest common divisor of c and y.
12
Let z(v) = -v**3 + 3*v**2 + 2*v. Let g be z(2). Let c = g + -3. Calculate the greatest common factor of c and 40.
5
Suppose 2*h + 2*x = 230 - 22, -x = -4*h + 391. Calculate the greatest common divisor of 11 and h.
11
Suppose 2*n - 28 = -a, 3*a = -3*n + 2*n + 14. Suppose 26 = 2*m - 30. What is the highest common factor of n and m?
14
Let i = -3 - -4. Suppose -3*c = -4*g + 19, -5*c - g + i - 2 = 0. Let q be ((-2)/(-3 - c))/1. What is the greatest common divisor of 3 and q?
1
Let u be (4/((-16)/3))/((-6)/792). What is the highest common divisor of 11 and u?
11
Let z be (-18 - 2)/(2 - 4). What is the highest common factor of 40 and z?
10
Let h = -8 - -13. Suppose 114 + 116 = h*g. What is the greatest common divisor of 115 and g?
23
Suppose 0 = -5*b + 200 - 20. Let t be (-2)/(-4)*-4 + 13. Let d = t - -7. Calculate the greatest common divisor of b and d.
18
Let u(o) = o**3 - 9*o**2 + 7*o + 3. Let f be u(8). Let q be f/((-15)/2)*63. What is the greatest common factor of 105 and q?
21
Let x be (-250)/(-5) - (3 + -1). Let q(c) = c**3 - 5*c**2 + 5*c + 7. Let f be q(5). Calculate the greatest common divisor of f and x.
16
Let y = -68 + 117. Let f be 14/y + 66/14. Suppose -2*c + 7 + f = 0. What is the greatest common factor of c and 6?
6
Let k be ((-48)/(-12))/((-4)/(-50)). What is the greatest common factor of 10 and k?
10
Let x be (-4 - (-6)/(-3))*(-4)/8. Suppose 2*a - 7 = 2*w + 7, -5*a + 31 = -w. Let v(s) = 3*s + 6. Let z be v(a). Calculate the highest common factor of z and x.
3
Let y be ((-2)/(-4))/((-1)/(-220)). Calculate the highest common factor of 10 and y.
10
Let o(i) = i**3 + 3*i**2 - 3*i + 1. Let b be o(-3). Suppose 5*p - 115 = -b. What is the highest common factor of 84 and p?
21
Let d be (12/9)/((-84)/45 - -2). What is the highest common factor of d and 90?
10
Suppose -g - 5*r - 7 = g, -3*g + r + 15 = 0. Let f(h) = -h**2 - 21*h - 22. Let i be f(-19). Calculate the highest common factor of g and i.
4
Let x = 46 - 26. Let f be (x - 1) + 1*-2. Let k be 1/1 - (-80 + -3 - 1). What is the greatest common factor of f and k?
17
Suppose -8*c + 92 - 60 = 0. Suppose -w - 4*p = -2*w - 8, w = -4*p + 16. Let f be -24*(2/w - 1). Calculate the highest common factor of f and c.
4
Let a = 206 + -71. Calculate the greatest common divisor of a and 54.
27
Suppose 2*m = 5*x + 107, -7*x = -3*x - 20. Calculate the highest common factor of 22 and m.
22
Let n be 1/4 + (-86)/(-8). Let x = 502 + -414. What is the highest common divisor of n and x?
11
Let t(q) = 3*q**2 + 3*q + 2. Let d be -2 + (-1 - -3) + -3. Let u be t(d). Calculate the greatest common factor of 50 and u.
10
Let f = 5 + -8. Let w be -1*(f - (1 + 0)). Calculate the greatest common factor of w and 1.
1
Suppose g + 0*g - 2 = 0. Let k = 7 - g. Let a(v) = -v**2 + 7*v - 6. Let o be a(k). What is the highest common divisor of o and 20?
4
Suppose -3*b + 2*l + 85 = 7*l, -b = 2*l - 28. Let n = -15 + b. Suppose -113 = -3*i + 22. Calculate the greatest common factor of n and i.
15
Suppose -3*y + 2*l + 26 = 0, l + 38 = y + 3*y. Calculate the highest common factor of y and 10.
10
Suppose -4*f + 2*p + 112 = 0, 5 = f + 5*p - 23. Let h be (f/1)/(-2 - -3). What is the greatest common factor of h and 28?
28
Suppose -1 + 4 = 3*x. Suppose 4*b - 9 = -x. Suppose -f + 3*l + 8 = 0, f - b*f + 4*l + 6 = 0. Calculate the greatest common divisor of f and 56.
14
Let v(j) = 22*j**2 - 5*j + 8. Let x be v(-6). Let r be (-1)/(-4) - x/(-8). What is the highest common factor of r and 26?
26
Let l = -18 - -29. Let s(h) = 2*h**2 - h. Let n be s(-2). Suppose -k + 23 = -n. What is the greatest common factor of k and l?
11